2. Determine h(-2).
-12
Let h(a) = -2*a**3 + 33*a**2 + 16*a + 16. What is h(17)?
-1
Let t(d) = -d**2 + 290*d - 19176. Give t(102).
0
Let q(u) = 18*u**3 + 41*u**2 - 38*u - 3. Give q(1).
18
Let x(u) = -u**3 + 112*u**2 - 541*u + 34. What is x(5)?
4
Let x(d) = 110*d - 2972. Give x(27).
-2
Let k(x) = -x**3 + 58*x**2 + 58*x + 111. What is k(59)?
52
Let l(w) = w**3 - 98*w**2 - 3*w + 307. Calculate l(98).
13
Let z(l) = -l**3 + 12*l**2 + 33*l + 23. Calculate z(14).
93
Let y(v) = v**3 - 19*v**2 + 5*v - 43. What is y(19)?
52
Let q(f) = -f**3 - 14*f**2 - 94*f - 643. Determine q(-11).
28
Let g(o) = -o**2 - 9*o + 4391. Calculate g(-71).
-11
Let j(s) = 25*s + 211. Determine j(-5).
86
Let g(s) = 6*s - 5. Give g(-4).
-29
Let a(j) = -j**3 - 10*j**2 - 58*j - 35. Calculate a(-4).
101
Let r(w) = 50*w + 595. Give r(-12).
-5
Let b(p) = -14*p**2 + 146*p - 1. Calculate b(11).
-89
Let k(w) = -2*w - 169. Determine k(15).
-199
Let w(h) = -h**2 - 70*h - 703. What is w(-58)?
-7
Let x(n) = -n**3 - 71*n**2 + 2146*n - 1497. What is x(-94)?
7
Let b(i) = -i**3 + 73*i**2 + 235*i - 541. What is b(76)?
-9
Let a(w) = 23*w**2 - 1. Calculate a(-1).
22
Let r(z) = 14*z**3 - 3*z**2 + 2*z + 3. What is r(2)?
107
Let d(a) = a**3 + 20*a**2 - 8*a + 46. Give d(-21).
-227
Let o(k) = -3*k**2 - 74*k - 143. Give o(-2).
-7
Let q(o) = -1332*o - 13317. Determine q(-10).
3
Let w(z) = -184*z - 7227. Give w(-39).
-51
Let j(h) = -6*h**2 - 377*h - 1015. Give j(-60).
5
Let f(s) = -s**3 + 19*s**2 + 9*s - 170. What is f(19)?
1
Let g(w) = 3*w**2 - 82*w - 71. What is g(28)?
-15
Let r(k) = 302*k + 1933. Determine r(-8).
-483
Let b(t) = -t**3 + 23*t**2 - 64*t + 33. Give b(20).
-47
Let z(y) = 38*y**2 + 2*y + 13. Calculate z(-3).
349
Let b(m) = -m**2 - 17*m + 443. What is b(-28)?
135
Let n(q) = 2*q**2 + 20*q - 291. Calculate n(10).
109
Let w(u) = -180*u - 696. Calculate w(-4).
24
Let h(q) = q**3 + 15*q**2 + 95*q + 1429. Calculate h(-15).
4
Let a(z) = 71*z**2 - 997*z + 60. Give a(14).
18
Let t(a) = -108*a - 1285. Calculate t(-12).
11
Let v(x) = 5*x**2 + 11*x + 5. What is v(-5)?
75
Let o(n) = 3*n**2 + 111*n + 612. Give o(-7).
-18
Let o(t) = -2*t**3 - 113*t**2 + 55*t - 117. Determine o(-57).
-3
Let q(k) = k**3 + 10*k**2 - 61*k - 676. What is q(-10)?
-66
Let v(o) = o**3 - 11*o**2 + 8*o + 102. Determine v(9).
12
Let p(d) = -10*d**2 + 49*d + 70. What is p(6)?
4
Let d(o) = o**3 + 31*o**2 - 39*o - 204. Calculate d(-32).
20
Let m(l) = -13*l + 176. Give m(24).
-136
Let n(f) = -150*f + 4942. Determine n(33).
-8
Let h(q) = q**3 + q**2 - 49*q + 11. Give h(-10).
-399
Let j(r) = r**2 + 23*r + 129. Give j(-9).
3
Let q(k) = -k**3 + 18*k**2 + 90*k - 3. Determine q(-4).
-11
Let r(j) = -j**3 + 56*j**2 - 81*j + 1145. Give r(55).
-285
Let x(q) = 2615*q + 196121. Calculate x(-75).
-4
Let f(w) = 506*w + 8605. Determine f(-17).
3
Let g(j) = 27*j**2 - 6*j - 2. Give g(2).
94
Let h(a) = -3*a**2 + 74*a - 127. Give h(23).
-12
Let j(o) = o**3 - 10*o**2 - 37*o + 359. What is j(7)?
-47
Let v(p) = p**3 - 5*p**2 - 20*p - 15. Calculate v(-4).
-79
Let g(q) = q**3 + 31*q**2 + 212*q - 34. What is g(-21)?
-76
Let o(i) = -3*i**2 + 220*i - 1253. Give o(6).
-41
Let f(k) = 27*k - 542. Calculate f(6).
-380
Let a(i) = -3290*i + 447446. Determine a(136).
6
Let n(m) = 242*m - 3633. Calculate n(15).
-3
Let o(h) = 29*h**3 - 17*h**2 + 32*h - 12. Give o(1).
32
Let r(j) = -3160*j - 75835. Give r(-24).
5
Let u(z) = 14*z**2 + 106*z - 180. Calculate u(-9).
0
Let y(p) = -p**3 - 27*p**2 - 26*p + 14. What is y(-26)?
14
Let c(t) = -t**2 - 11*t - 7. What is c(-10)?
3
Let j(b) = -2*b**3 + 30*b**2 + 68*b - 579. What is j(16)?
-3
Let b(p) = -3*p**2 - 26*p + 175. Determine b(-13).
6
Let b(x) = 152*x + 7901. Give b(-52).
-3
Let x(m) = -m**3 - 5*m**2 + 36*m - 33. Determine x(5).
-103
Let a(k) = 2*k**2 - 77*k + 734. Calculate a(19).
-7
Let v(j) = -137*j - 825. What is v(-6)?
-3
Let q(a) = 4*a**3 + 10*a**2 + 11*a + 4. What is q(-1)?
-1
Let b(v) = 2*v**3 + 29*v**2 + 40*v + 10. Determine b(-13).
-3
Let f(j) = -j**2 - 12*j - 13. Calculate f(-7).
22
Let w(p) = -31*p**2 + 82*p + 162. Give w(-2).
-126
Let w(n) = -9*n**3 - 4*n**2 - 7*n + 12. What is w(-4)?
552
Let i(t) = 45*t - 848. Calculate i(19).
7
Let u(o) = -o**2 + 20*o + 727. What is u(39)?
-14
Let g(q) = 4*q**2 + 152*q + 281. Calculate g(-36).
-7
Let c(j) = 42*j - 172. Give c(4).
-4
Let l(b) = 46*b**2 - 28*b + 56. Calculate l(2).
184
Let n(m) = 2002*m + 30037. Calculate n(-15).
7
Let i(o) = -39*o**3 - 233*o**2 + 63*o + 348. Calculate i(-6).
6
Let f(h) = -224*h + 12339. Give f(55).
19
Let j(k) = k**3 + 69*k**2 + 317*k - 196. Determine j(-64).
-4
Let n(v) = v**3 + 22*v**2 + 5*v - 6. Give n(-22).
-116
Let u(x) = -x**3 + 10*x**2 + 46*x - 114. Determine u(13).
-23
Let w(s) = -s**2 - 1948*s + 27445. What is w(14)?
-23
Let h(l) = 2*l**2 + 26*l + 100. What is h(-7)?
16
Let q(w) = 610*w + 6069. Give q(-10).
-31
Let k(y) = 2*y**3 + 22*y**2 - 25*y - 27. Calculate k(-10).
423
Let f(v) = -v**3 - 17*v**2 + 41*v + 18. What is f(-19)?
-39
Let d(a) = -33*a**2 - 427*a - 24. What is d(-13)?
-50
Let u(y) = 31*y + 100. Calculate u(-3).
7
Let o(i) = -2*i**2 + 55*i + 3400. Give o(-31).
-227
Let i(p) = p**3 + 114*p**2 + 111*p - 215. Calculate i(-113).
11
Let z(q) = 32*q - 704. Give z(2).
-640
Let l(i) = 2*i**3 - i**2 - 24*i + 64. Determine l(3).
37
Let q(s) = 3*s**3 + 257*s**2 - 86*s - 93. Give q(-86).
-93
Let n(x) = -x**3 - x**2 + 33*x + 156. What is n(7)?
-5
Let i(c) = 3*c**3 + 38*c**2 + 114*c + 12. Determine i(-8).
-4
Let u(m) = 72*m**3 - 5*m**2 + m. Determine u(2).
558
Let a(j) = 447*j - 1304. Give a(3).
37
Let l(d) = 436*d + 9590. Determine l(-22).
-2
Let x(l) = -l**2 + 13*l - 64. Calculate x(6).
-22
Let q(g) = -58*g**2 + 147*g - 145. Calculate q(1).
-56
Let m(g) = -g**3 - 10*g**2 - 15*g - 33. Determine m(-9).
21
Let m(s) = 103*s - 60. What is m(1)?
43
Let i(o) = -o**3 - 9*o**2 - 24*o - 17. What is i(-5)?
3
Let f(x) = 2*x**3 + 8*x**2 + 421*x + 1694. What is f(-4)?
10
Let x(s) = 10*s**2 - 397*s - 122. Determine x(40).
-2
Let k(i) = -2*i - 78. What is k(-35)?
-8
Let d(l) = 1498*l - 13490. Give d(9).
-8
Let z(t) = 3*t**2 - 355*t - 904. Calculate z(121).
64
Let f(l) = -l**3 + 9*l**2 - 8*l + 53. Give f(7).
95
Let b(t) = 8*t**2 - 1892*t + 2839. What is b(235)?
19
Let u(t) = 13*t - 77. Give u(10).
53
Let w(q) = q**3 - 46*q**2 + 197*q + 350. Give w(41).
22
Let c(j) = 11*j - 73. What is c(7)?
4
Let a(t) = 110*t**3 + t**2 - 1. Determine a(1).
110
Let j(t) = -2*t**2 + 153*t - 2691. Give j(28).
25
Let d(x) = -214*x**2 - 1282*x - 16. Determine d(-6).
-28
Let g(i) = -6*i**3 - 95*i**2 + 8*i + 3. Give g(-16).
131
Let s(h) = 29*h + 945. What is s(-34)?
-41
Let m(o) = 2*o**3 + 7*o**2 - 8*o. Calculate m(-4).
16
Let x(v) = -17*v**2 + 5*v + 20. Give x(4).
-232
Let c(h) = -h**3 + 59*h**2 - 315*h - 157. Give c(53).
2
Let l(m) = -122*m + 12. Calculate l(-3).
378
Let y(d) = -2*d**3 + 365*d**2 + 1307*d - 934. What is y(186)?
-4
Let o(x) = -144*x - 2721. Give o(-19).
15
Let s(c) = -15*c - 131. Determine s(-4).
-71
Let r(z) = -z**3 + 13*z**2 + 3*z + 153. Determine r(14).
-1
Let t(a) = -a**3 + 22*a**2 + 76*a - 1. Give t(-4).
111
Let t(k) = 5*k**2 + 67*k - 65. Determine t(-14).
-23
Let k(a) = -a**3 + 7*a**2 + 26*a - 73. What is k(9)?
-1
Let o(p) = 2*p**2 + 8*p - 42. Give o(-5).
-32
Let v(s) = -9795*s - 186090. Determine v(-19).
15
Let s(a) = -63*a - 566. Determine s(-9).
1
Let f(k) = -384*k + 128. Give f(2).
-640
Let i(f) = -2*f**3 + 55*f**2 - 369*f + 77. Give i(11).
11
Let t(z) = 55*z + 52. What is t(-8)?
-388
Let w(s) = 4*s**2 + 113*s + 42. Determine w(-25).
-283
Let m(l) = 27*l - 166. Determine m(5).
-31
Let q(b) = 705*b - 1246. Give q(2).
164
Let y(i) = 277*i - 6580. Give y(24).
68
Let z(b) = -711*b + 6393. Calculate z(9).
-6
Let s(t) = -30*t**2 - 38*t + 13. What is s(-3)?
-143
Let r(j) = 37*j - 112. Give r(4).
36
Let y(r) = 7*r**3 - 11*r**2 + 19*r - 58. Determine y(5).
637
Let j(i) = 57*i - 509. What is j(9)?
4
Let n(t) = 63*t**2 + 328*t - 656. Calculate n(2).
252
Let q(l) = 363*l + 3644. What is q(-10)?
14
Let f(p) = -10*p**2 + 580*p + 167. What is f(59)?
-423
Let y(i) = -i**3 - 13*i**2 - 27*i + 31. Give y(-10).
1
Let r(w) = -2*w**2 + 31*w - 3. Give r(7).
116
Let l(v) = v**2 - 31*v - 168. Determine l(37).
54
Let b(t) = -t**3 + 10*t**2 - 45*t + 161. What is b(7)?
-7
Le